{"id":5533,"date":"2024-05-02T17:54:47","date_gmt":"2024-05-02T20:54:47","guid":{"rendered":"https:\/\/estrategia.schwartzmkt.com\/?page_id=5533"},"modified":"2024-05-02T18:39:30","modified_gmt":"2024-05-02T21:39:30","slug":"politica-de-privacidade-schwartz-gama","status":"publish","type":"page","link":"https:\/\/estrategia.schwartzmkt.com\/index.php\/politica-de-privacidade-schwartz-gama\/","title":{"rendered":"Pol\u00edtica de Privacidade &#8211; Schwartz &#038; Gama"},"content":{"rendered":"\t\t<div data-elementor-type=\"wp-page\" data-elementor-id=\"5533\" class=\"elementor elementor-5533\" data-elementor-post-type=\"page\">\n\t\t\t\t<div class=\"elementor-element elementor-element-1804b74c e-flex e-con-boxed e-con e-parent\" data-id=\"1804b74c\" data-element_type=\"container\">\n\t\t\t\t\t<div class=\"e-con-inner\">\n\t\t\t\t<div class=\"elementor-element elementor-element-76dd35a2 elementor-widget elementor-widget-text-editor\" data-id=\"76dd35a2\" data-element_type=\"widget\" data-widget_type=\"text-editor.default\">\n\t\t\t\t<div class=\"elementor-widget-container\">\n\t\t\t<style>\/*! elementor - v3.21.0 - 08-05-2024 *\/\n.elementor-widget-text-editor.elementor-drop-cap-view-stacked .elementor-drop-cap{background-color:#69727d;color:#fff}.elementor-widget-text-editor.elementor-drop-cap-view-framed .elementor-drop-cap{color:#69727d;border:3px solid;background-color:transparent}.elementor-widget-text-editor:not(.elementor-drop-cap-view-default) .elementor-drop-cap{margin-top:8px}.elementor-widget-text-editor:not(.elementor-drop-cap-view-default) .elementor-drop-cap-letter{width:1em;height:1em}.elementor-widget-text-editor .elementor-drop-cap{float:left;text-align:center;line-height:1;font-size:50px}.elementor-widget-text-editor .elementor-drop-cap-letter{display:inline-block}<\/style>\t\t\t\t&nbsp;\n<div id=\"accel-snackbar\" style=\"left: 50%; transform: translate(-50%, 0px); top: 50px;\"><\/div>\t\t\t\t\t\t<\/div>\n\t\t\t\t<\/div>\n\t\t\t\t\t<\/div>\n\t\t\t\t<\/div>\n\t\t<div class=\"elementor-element elementor-element-bd5d974 e-flex e-con-boxed e-con e-parent\" data-id=\"bd5d974\" data-element_type=\"container\">\n\t\t\t\t\t<div class=\"e-con-inner\">\n\t\t\t\t<div class=\"elementor-element elementor-element-3dab8a0 elementor-widget elementor-widget-text-editor\" data-id=\"3dab8a0\" data-element_type=\"widget\" data-widget_type=\"text-editor.default\">\n\t\t\t\t<div class=\"elementor-widget-container\">\n\t\t\t\t\t\t\t<p><b>Pol\u00edtica de Privacidade &#8211; Schwartz &amp; Gama<\/b><\/p><p><strong>1. Introdu\u00e7\u00e3o<\/strong><\/p><p>Bem-vindo ao site da Schwartz &amp; Gama. Sua privacidade \u00e9 de extrema import\u00e2ncia para n\u00f3s. Esta pol\u00edtica de privacidade est\u00e1 alinhada com a Lei Geral de Prote\u00e7\u00e3o de Dados (Lei n\u00ba 13.709\/2018) e explica como coletamos, usamos, compartilhamos e protegemos as informa\u00e7\u00f5es pessoais dos usu\u00e1rios de nosso site.<\/p><p><strong>2. Coleta de Informa\u00e7\u00f5es<\/strong><\/p><p>Ao visitar nosso site, podemos coletar as seguintes informa\u00e7\u00f5es:<\/p><p><strong>Informa\u00e7\u00f5es pessoais:<\/strong><br \/>Nome, endere\u00e7o de e-mail, n\u00famero de telefone e qualquer outra informa\u00e7\u00e3o que voc\u00ea forne\u00e7a voluntariamente ao preencher formul\u00e1rios em nosso site.<\/p><p><strong>Dados de uso: <\/strong><br \/>Informa\u00e7\u00f5es sobre como voc\u00ea usa nosso site, incluindo o tempo de acesso, as p\u00e1ginas visitadas e os links clicados.<\/p><p><strong>Dados t\u00e9cnicos:<\/strong><br \/>Endere\u00e7o IP, tipo de navegador, informa\u00e7\u00f5es de dispositivo e dados de cookies.<\/p><p><strong>3. Uso das Informa\u00e7\u00f5es<\/strong><\/p><p>Utilizamos as informa\u00e7\u00f5es coletadas para os seguintes prop\u00f3sitos, em conformidade com a LGPD:<\/p><p>Fornecer, operar e manter nosso site;<br \/>Melhorar, personalizar e expandir nosso site;<br \/>Entender e analisar como voc\u00ea usa nosso site;<br \/>Desenvolver novos produtos, servi\u00e7os, caracter\u00edsticas e funcionalidades;<br \/>Comunicar-se com voc\u00ea, diretamente ou atrav\u00e9s de um de nossos parceiros, incluindo para atendimento ao cliente, para fornecer atualiza\u00e7\u00f5es e outras informa\u00e7\u00f5es relacionadas ao site, e para fins de marketing e promo\u00e7\u00e3o.<\/p><p><strong>4. Compartilhamento de Informa\u00e7\u00f5es<\/strong><\/p><p>Podemos compartilhar suas informa\u00e7\u00f5es pessoais com terceiros nas seguintes situa\u00e7\u00f5es, sempre observando as disposi\u00e7\u00f5es da LGPD:<\/p><p><strong>Prestadores de servi\u00e7os:<\/strong><br \/>Compartilhamos informa\u00e7\u00f5es com empresas que nos ajudam a operar nosso site, como hospedagem, an\u00e1lise de dados e servi\u00e7os de e-mail.<br \/>Por exig\u00eancia legal:<br \/>Se necess\u00e1rio, para cumprir com uma obriga\u00e7\u00e3o legal, proteger e defender nossos direitos ou propriedade, e para fins de seguran\u00e7a de nossos usu\u00e1rios ou do p\u00fablico.<\/p><p><strong>Transa\u00e7\u00f5es comerciais:<\/strong><\/p><p>Em conex\u00e3o com qualquer fus\u00e3o, venda de ativos da empresa, financiamento ou aquisi\u00e7\u00e3o de todo ou parte de nosso neg\u00f3cio por outra empresa.<\/p><p><strong>5. Seguran\u00e7a das Informa\u00e7\u00f5es<\/strong><\/p><p>Empregamos medidas de seguran\u00e7a robustas para proteger suas informa\u00e7\u00f5es pessoais, conforme exigido pela LGPD.<\/p><p><strong>6. Direitos dos Usu\u00e1rios<\/strong><\/p><p>Conforme a LGPD, voc\u00ea tem o direito de acessar, corrigir, excluir ou limitar o uso de suas informa\u00e7\u00f5es pessoais. Se voc\u00ea deseja exercer esses direitos, por favor entre em contato conosco atrav\u00e9s dos meios fornecidos em nosso site.<\/p><p><strong>7. Altera\u00e7\u00f5es \u00e0 Pol\u00edtica de Privacidade<\/strong><\/p><p>Podemos atualizar nossa pol\u00edtica de privacidade de tempos em tempos para refletir mudan\u00e7as em nossas pr\u00e1ticas ou por outras raz\u00f5es operacionais, legais ou regulat\u00f3rias.<\/p><p><strong>8. Contato<\/strong><\/p><p>Se tiver d\u00favidas sobre esta pol\u00edtica de privacidade, por favor entre em contato conosco pelo e-mail: contato@schwartzgama.com.<\/p><div id=\"accel-snackbar\" style=\"left: 50%; transform: translate(-50%, 0px); top: 50px;\">\u00a0<\/div>\t\t\t\t\t\t<\/div>\n\t\t\t\t<\/div>\n\t\t\t\t\t<\/div>\n\t\t\t\t<\/div>\n\t\t\t\t<\/div>\n\t\t","protected":false},"excerpt":{"rendered":"<p>&nbsp; Pol\u00edtica de Privacidade &#8211; Schwartz &amp; Gama 1. Introdu\u00e7\u00e3o Bem-vindo ao site da Schwartz &amp; Gama. Sua privacidade \u00e9 de extrema import\u00e2ncia para n\u00f3s. Esta pol\u00edtica de privacidade est\u00e1 alinhada com a Lei Geral de Prote\u00e7\u00e3o de Dados (Lei n\u00ba 13.709\/2018) e explica como coletamos, usamos, compartilhamos e protegemos as informa\u00e7\u00f5es pessoais dos usu\u00e1rios [&hellip;]<\/p>\n","protected":false},"author":1,"featured_media":0,"parent":0,"menu_order":0,"comment_status":"closed","ping_status":"closed","template":"","meta":{"footnotes":""},"_links":{"self":[{"href":"https:\/\/estrategia.schwartzmkt.com\/index.php\/wp-json\/wp\/v2\/pages\/5533"}],"collection":[{"href":"https:\/\/estrategia.schwartzmkt.com\/index.php\/wp-json\/wp\/v2\/pages"}],"about":[{"href":"https:\/\/estrategia.schwartzmkt.com\/index.php\/wp-json\/wp\/v2\/types\/page"}],"author":[{"embeddable":true,"href":"https:\/\/estrategia.schwartzmkt.com\/index.php\/wp-json\/wp\/v2\/users\/1"}],"replies":[{"embeddable":true,"href":"https:\/\/estrategia.schwartzmkt.com\/index.php\/wp-json\/wp\/v2\/comments?post=5533"}],"version-history":[{"count":3,"href":"https:\/\/estrategia.schwartzmkt.com\/index.php\/wp-json\/wp\/v2\/pages\/5533\/revisions"}],"predecessor-version":[{"id":5537,"href":"https:\/\/estrategia.schwartzmkt.com\/index.php\/wp-json\/wp\/v2\/pages\/5533\/revisions\/5537"}],"wp:attachment":[{"href":"https:\/\/estrategia.schwartzmkt.com\/index.php\/wp-json\/wp\/v2\/media?parent=5533"}],"curies":[{"name":"wp","href":"https:\/\/api.w.org\/{rel}","templated":true}]}}